365.
35
What is the greatest common divisor of 181968341 and 657?
73
Calculate the highest common factor of 32 and 486998432.
32
Calculate the greatest common divisor of 652505 and 210.
35
Calculate the highest common divisor of 1055 and 1795.
5
Calculate the greatest common factor of 168828 and 202114.
22
Calculate the greatest common divisor of 315 and 540322335.
315
Calculate the greatest common factor of 21259875 and 450.
75
What is the greatest common divisor of 2167522 and 98?
14
Calculate the greatest common factor of 10 and 8249830.
10
Calculate the highest common factor of 4653064 and 208.
104
Calculate the highest common divisor of 11 and 22275495.
11
Calculate the greatest common factor of 201736 and 20482216.
1336
What is the highest common divisor of 145795615 and 3045?
1015
Calculate the greatest common factor of 2958281 and 8189.
19
What is the greatest common divisor of 359328 and 1889664?
1824
What is the highest common factor of 63775613 and 176?
11
What is the greatest common divisor of 37983576 and 408?
408
Calculate the greatest common factor of 912450 and 90090.
2310
What is the highest common factor of 7176845 and 130?
65
What is the greatest common divisor of 5377793 and 9507?
3169
What is the highest common factor of 31850 and 288896650?
2450
Calculate the highest common divisor of 2196 and 13681446.
366
What is the highest common factor of 15225896 and 10864?
5432
Calculate the greatest common divisor of 505699 and 11883.
17
Calculate the greatest common factor of 593062386 and 4852.
2426
Calculate the greatest common divisor of 7852476 and 4232.
2116
Calculate the highest common factor of 59 and 6579739.
59
Calculate the highest common divisor of 4538387 and 1267.
7
Calculate the greatest common divisor of 436068 and 2304.
36
Calculate the greatest common divisor of 705 and 38192106.
141
Calculate the highest common divisor of 208642240 and 5440.
320
What is the highest common factor of 3293017 and 5873?
7
Calculate the highest common divisor of 87 and 17555701.
29
What is the greatest common factor of 230979 and 861?
21
Calculate the highest common factor of 1078283 and 2993.
73
What is the greatest common factor of 9937606 and 1593?
59
Calculate the highest common factor of 80562 and 650586.
174
Calculate the highest common factor of 556 and 129988.
4
Calculate the greatest common factor of 1686 and 160185174.
1686
What is the highest common factor of 31249420 and 140?
20
What is the highest common divisor of 3627 and 477369?
279
What is the highest common divisor of 23278 and 1473972?
226
Calculate the greatest common divisor of 1810245 and 150.
15
What is the highest common factor of 67884 and 15300?
12
What is the greatest common divisor of 133181184 and 1792?
256
Calculate the highest common factor of 10382 and 829486.
358
Calculate the highest common divisor of 170854936 and 1099.
1099
What is the highest common divisor of 17164103 and 583?
583
Calculate the highest common divisor of 230511415 and 85.
85
Calculate the highest common factor of 9417 and 512259.
129
What is the greatest common divisor of 31464 and 27162?
18
What is the highest common divisor of 6874253 and 2792?
349
What is the highest common divisor of 70834 and 294036?
214
Calculate the highest common divisor of 78054 and 18.
6
Calculate the greatest common factor of 51355 and 5130.
5
What is the highest common divisor of 1219175 and 2?
1
Calculate the greatest common divisor of 11688903 and 1062.
531
Calculate the greatest common factor of 13735890 and 1710.
90
Calculate the greatest common factor of 30 and 661845.
15
What is the highest common factor of 48 and 10604768?
16
What is the greatest common divisor of 33433512 and 2032?
1016
What is the highest common factor of 170471 and 1065?
71
What is the highest common factor of 947624808 and 312?
312
Calculate the highest common factor of 1141881 and 140277.
1311
What is the highest common divisor of 452511882 and 27?
9
Calculate the greatest common factor of 38041291 and 34.
17
What is the highest common divisor of 864 and 12582432?
864
Calculate the highest common factor of 904 and 93338452.
452
What is the highest common factor of 3528050 and 246?
82
Calculate the highest common divisor of 143785 and 75245.
745
Calculate the highest common factor of 120 and 32631432.
24
What is the highest common factor of 5832 and 169893?
9
Calculate the greatest common divisor of 60949099 and 954.
53
Calculate the highest common factor of 21274 and 9262.
22
Calculate the greatest common divisor of 237276 and 456534.
234
What is the greatest common divisor of 42336 and 11368?
392
Calculate the greatest common factor of 1766598 and 2133.
237
Calculate the greatest common factor of 1369 and 3496944.
37
Calculate the highest common factor of 39342 and 406218.
474
What is the highest common factor of 387345 and 149079?
651
Calculate the highest common divisor of 1155 and 1819565.
55
Calculate the highest common divisor of 2919032 and 176.
8
What is the highest common divisor of 1040 and 135115760?
1040
Calculate the highest common divisor of 2650954 and 8992.
562
Calculate the greatest common divisor of 224532 and 688842.
1386
Calculate the highest common divisor of 1865000 and 145000.
5000
What is the greatest common divisor of 104 and 29101501?
13
Calculate the greatest common factor of 83301120 and 42240.
3840
Calculate the greatest common divisor of 9078 and 1192244.
3026
What is the greatest common factor of 855 and 4223385?
45
Calculate the greatest common factor of 391 and 1331712.
17
What is the highest common factor of 1036186 and 400982?
758
What is the highest common factor of 205950 and 4890?
30
What is the greatest common divisor of 3337 and 870346?
47
What is the highest common divisor of 569231 and 71123?
13
Calculate the highest common divisor of 1885008 and 13166.
454
Calculate the greatest common factor of 1841 and 1232155.
263
Calculate the highest common divisor of 30514 and 2520958.
418
What is the greatest common divisor of 128687 and 568442?
19
Calculate the greatest common factor of 87 and 134027241.
87
What is the highest common divisor of 835 and 1669915?
5
Calculate the highest common factor of 4208572 and 10848.
452
Calculate the highest common divisor of 23 and 230129743.
23
What is the greatest common divisor of 321777 and 1521?
9
What is the highest common factor of 644 and 1706544?
28
What is the highest common divisor of 3590286 and 1168?
146
What is the highest common factor of 25768512 and 8512?
448
What is the greatest common factor of 392 and 736615432?
392
Calculate the greatest common divisor of 621 and 3873591.
207
What is the greatest common divisor of 21 and 24387804?
21
Calculate the greatest common divisor of 25133 and 63304.
41
Calculate the greatest common divisor of 2162219 and 144305.
589
What is the highest common divisor of 57728888 and 56?
56
Calculate the highest common factor of 3535560 and 5382.
414
Calculate the highest common divisor of 2479 and 75073.
37
Calculate the highest common factor of 108650788 and 50656.
6332
What is the highest common factor of 70 and 4567930?
10
What is the greatest common divisor of 1085 and 1087436?
7
Calculate the greatest common factor of 536 and 16628.
4
What is the highest common factor of 19159 and 22471?
23
Calculate the highest common divisor of 33104196 and 360.
36
Calculate the highest common factor of 218 and 284511146.
218
What is the greatest common divisor of 14847 and 707909?
101
Calculate the highest common divisor of 93530 and 10031590.
1990
What is the greatest common divisor of 6842 and 12398?
2
What is the highest common factor of 832 and 283235264?
832
Calculate the greatest common factor of 688 and 11600.
16
What is the highest common factor of 6920 and 17386000?
40
What is the greatest common divisor of 8096 and 16566176?
352
Calculate the highest common divisor of 5038790 and 50.
10
Calculate the highest common divisor of 74394796 and 112.
28
What is the greatest common factor of 3151 and 74382?
23
What is the greatest common divisor of 16819923 and 142416?
2967
Calculate the greatest common factor of 29151925 and 1700.
25
Calculate the highest common divisor of 143062 and 1803886.
466
What is the